{"id":11,"date":"2017-06-22T06:27:32","date_gmt":"2017-06-22T06:27:32","guid":{"rendered":"http:\/\/aor.ruetten-online.net\/?page_id=11"},"modified":"2021-11-17T21:15:08","modified_gmt":"2021-11-17T21:15:08","slug":"team","status":"publish","type":"page","link":"https:\/\/six-camels.de\/?page_id=11","title":{"rendered":"Team"},"content":{"rendered":"<p>Die Kamele stellen sich vor &#8230;<\/p>\n<div class=\"tmm tmm_camel-hunters\"><div class=\"tmm_3_columns tmm_wrap tmm_plugin_f\"><span class=\"tmm_two_containers_tablet\"><\/span><div class=\"tmm_container\"><div class=\"tmm_member\" style=\"border-top:#848484 solid 5px;\"><div class=\"tmm_photo tmm_pic_camel-hunters_0\" style=\"background: url(http:\/\/six-camels.de\/wp-content\/uploads\/2018\/02\/Uli.png); margin-left: auto; margin-right:auto; background-size:cover !important;\"><\/div><div class=\"tmm_textblock\"><div class=\"tmm_names\"><span class=\"tmm_fname\">Uli<\/span> <span class=\"tmm_lname\">Zimmermann<\/span><\/div><div class=\"tmm_job\">Teamchef<\/div><div class=\"tmm_desc\" style=\"text-align:justify\">Ohne Uli w\u00e4ren wir wohl nie auf die Idee gekommen! \r\nUli ist jedoch nicht nur der Mann f\u00fcr die verr\u00fcckten Ideen in der Runde, sondern auch der ruhende Pol, der unsere Truppe zusammenhalten wird!\r\n\r\nEben ein perfekter Teamchef!\r\n\r\n Au\u00dferdem wollte er kurz vor seiner Rente noch mal etwas spannendes machen \ud83d\ude42\r\n<\/div><div class=\"tmm_scblock\"><\/div><\/div><\/div><div class=\"tmm_member\" style=\"border-top:#848484 solid 5px;\"><div class=\"tmm_photo tmm_pic_camel-hunters_1\" style=\"background: url(http:\/\/six-camels.de\/wp-content\/uploads\/2018\/02\/Michi.png); margin-left: auto; margin-right:auto; background-size:cover !important;\"><\/div><div class=\"tmm_textblock\"><div class=\"tmm_names\"><span class=\"tmm_fname\">Michael<\/span> <span class=\"tmm_lname\">Schmidt<\/span><\/div><div class=\"tmm_job\">Getr\u00e4nkewart<\/div><div class=\"tmm_desc\" style=\"text-align:justify\">Dass er sich als der perfekte Getr\u00e4nkewart unserer Truppe eignet, hat Michael schon vor unserer Anmeldung eindrucksvoll unter Beweis gestellt. Beim Brainstorming, was zur perfekten Ausstattung eines Autos f\u00fcr die Rally geh\u00f6rt, konnte er sich eigentlich nur mit einer zentralen Frage besch\u00e4ftigen: \r\n<br>\r\n<strong>\"Wie bekommen wir eigentlich einen K\u00fchlschrank ins Auto verbaut?\"<\/strong><\/div><div class=\"tmm_scblock\"><\/div><\/div><\/div><span class=\"tmm_two_containers_tablet\"><\/span><div class=\"tmm_member\" style=\"border-top:#848484 solid 5px;\"><div class=\"tmm_photo tmm_pic_camel-hunters_2\" style=\"background: url(http:\/\/six-camels.de\/wp-content\/uploads\/2018\/02\/Dario.png); margin-left: auto; margin-right:auto; background-size:cover !important;\"><\/div><div class=\"tmm_textblock\"><div class=\"tmm_names\"><span class=\"tmm_fname\">Dario<\/span> <span class=\"tmm_lname\">Lohr<\/span><\/div><div class=\"tmm_job\">Speedy<\/div><div class=\"tmm_desc\" style=\"text-align:justify\">Wenn es denn mal eng wird mit der Etappe oder es eben nur auf schlichte Geschwindigkeit ankommt ist er die Wunderwaffe.  Ob Moped, Kart oder eins unserer alten Sch\u00e4tzchen - Dario holt immer ein wenig mehr raus als drin ist.<\/div><div class=\"tmm_scblock\"><\/div><\/div><\/div><\/div><span class=\"tmm_columns_containers_desktop\"><\/span><div class=\"tmm_container\"><div class=\"tmm_member\" style=\"border-top:#848484 solid 5px;\"><div class=\"tmm_photo tmm_pic_camel-hunters_3\" style=\"background: url(http:\/\/six-camels.de\/wp-content\/uploads\/2018\/02\/Chris.png); margin-left: auto; margin-right:auto; background-size:cover !important;\"><\/div><div class=\"tmm_textblock\"><div class=\"tmm_names\"><span class=\"tmm_fname\">Christopher<\/span> <span class=\"tmm_lname\">R\u00fctten<\/span><\/div><div class=\"tmm_job\">Motivator &amp; Kassenwart<\/div><div class=\"tmm_desc\" style=\"text-align:justify\">Von der ersten Sekunde an \"Feuer und Flamme\" w\u00fcrde er am liebsten sofort losfahren und peitscht alle an. Davon abgesehen ist er der einzige von uns, der  - hoffentlich - mit Geld umgehen kann \ud83d\ude42<\/div><div class=\"tmm_scblock\"><\/div><\/div><\/div><span class=\"tmm_two_containers_tablet\"><\/span><div class=\"tmm_member\" style=\"border-top:#848484 solid 5px;\"><div class=\"tmm_photo tmm_pic_camel-hunters_4\" style=\"background: url(http:\/\/six-camels.de\/wp-content\/uploads\/2018\/02\/Jan.png); margin-left: auto; margin-right:auto; background-size:cover !important;\"><\/div><div class=\"tmm_textblock\"><div class=\"tmm_names\"><span class=\"tmm_fname\">Jan-Henning<\/span> <span class=\"tmm_lname\">Rodde<\/span><\/div><div class=\"tmm_job\">Der Netzwerker - kennt Vieles und Alle<\/div><div class=\"tmm_desc\" style=\"text-align:justify\">Beim k\u00fchlen Blonden aus dem hohen Norden ist von der ersten Sekunde an der Funke f\u00fcr das Projekt \u00fcbergesprungen. Zum Gl\u00fcck ist dann auch die Flamme rechtzeitig voll entfacht. \ud83d\ude09\r\nEr kennt Gott und die Welt und macht das Unm\u00f6gliche m\u00f6glich. \r\n<\/div><div class=\"tmm_scblock\"><\/div><\/div><\/div><div class=\"tmm_member\" style=\"border-top:#848484 solid 5px;\"><div class=\"tmm_photo tmm_pic_camel-hunters_5\" style=\"background: url(http:\/\/six-camels.de\/wp-content\/uploads\/2018\/02\/Rouven.png); margin-left: auto; margin-right:auto; background-size:cover !important;\"><\/div><div class=\"tmm_textblock\"><div class=\"tmm_names\"><span class=\"tmm_fname\">Rouven<\/span> <span class=\"tmm_lname\">Urfels<\/span><\/div><div class=\"tmm_job\">Relaxo<\/div><div class=\"tmm_desc\" style=\"text-align:justify\">Als Rouven's Name fiel, ging ein Raunen durch die Runde. \"JA!\", hie\u00df es eindeutig, \"Wenn noch einer mit muss, dann er!\".\r\nSeine positive gelassene Art und seine Offenheit und Freude gegen\u00fcber Unbekanntem spiegeln perfekt einige unserer Schl\u00fcsseldisziplinen der Six Camels wieder.<\/div><div class=\"tmm_scblock\"><\/div><\/div><\/div><div style=\"clear:both;\"><\/div><\/div><\/div><\/div>\n\n\n<p><\/p>\n","protected":false},"excerpt":{"rendered":"<p>Die Kamele stellen sich vor &#8230;<\/p>\n","protected":false},"author":5,"featured_media":419,"parent":0,"menu_order":0,"comment_status":"closed","ping_status":"closed","template":"","meta":[],"_links":{"self":[{"href":"https:\/\/six-camels.de\/index.php?rest_route=\/wp\/v2\/pages\/11"}],"collection":[{"href":"https:\/\/six-camels.de\/index.php?rest_route=\/wp\/v2\/pages"}],"about":[{"href":"https:\/\/six-camels.de\/index.php?rest_route=\/wp\/v2\/types\/page"}],"author":[{"embeddable":true,"href":"https:\/\/six-camels.de\/index.php?rest_route=\/wp\/v2\/users\/5"}],"replies":[{"embeddable":true,"href":"https:\/\/six-camels.de\/index.php?rest_route=%2Fwp%2Fv2%2Fcomments&post=11"}],"version-history":[{"count":5,"href":"https:\/\/six-camels.de\/index.php?rest_route=\/wp\/v2\/pages\/11\/revisions"}],"predecessor-version":[{"id":1027,"href":"https:\/\/six-camels.de\/index.php?rest_route=\/wp\/v2\/pages\/11\/revisions\/1027"}],"wp:featuredmedia":[{"embeddable":true,"href":"https:\/\/six-camels.de\/index.php?rest_route=\/wp\/v2\/media\/419"}],"wp:attachment":[{"href":"https:\/\/six-camels.de\/index.php?rest_route=%2Fwp%2Fv2%2Fmedia&parent=11"}],"curies":[{"name":"wp","href":"https:\/\/api.w.org\/{rel}","templated":true}]}}