{"id":1377,"date":"2025-09-25T17:35:07","date_gmt":"2025-09-25T17:35:07","guid":{"rendered":"https:\/\/six-camels.de\/?page_id=1377"},"modified":"2025-09-25T17:36:07","modified_gmt":"2025-09-25T17:36:07","slug":"der-gute-zweck-4","status":"publish","type":"page","link":"https:\/\/six-camels.de\/?page_id=1377","title":{"rendered":"Der gute Zweck &#8230;"},"content":{"rendered":"\n<h1><strong>Wir haben entschieden !!<\/strong><\/h1>\n\n\n\n<p>Dieses Mal sammeln wir Spenden f\u00fcr den <strong>Verein <strong>Gambia Bayoolu e.V.<\/strong><\/strong> <\/p>\n\n\n\n<p>Der Name \u201eBayoolu\u201c, aus der Sprache Mandinka, bedeutet \u201eWaisenkinder\u201c und dr\u00fcckt das zentrale Ziel aus \u2013 Kindern ohne Eltern eine bessere Perspektive zu erm\u00f6glichen.<\/p>\n\n\n\n<blockquote class=\"wp-block-quote\"><p>&#8222;Kurzfristig sichern wir den regelm\u00e4\u00dfigen Schulbesuch, langfristig er\u00f6ffnen wir Ausbildungswege. Aktuell begleiten wir 31 Kinder und Jugendliche mit spendenfinanzierter Unterst\u00fctzung \u2013 durch Schulgeld, Ausbildungsf\u00f6rderung, Lebensmittel und Kleidung. Unsere Arbeit basiert auf einer engen Kooperation zwischen dem deutschen Verein\u00a0<strong>Gambia Bayoolu e.V.<\/strong>\u00a0und dem gambischen Partnerverein\u00a0<strong>Bayoolu The Gambia<\/strong>. Durch regelm\u00e4\u00dfigen Austausch und pers\u00f6nliche Besuche stellen wir sicher, dass jede Spende gezielt eingesetzt wird \u2013 transparent, effektiv und mit Blick f\u00fcr den einzelnen Menschen.&#8220;<\/p><cite>https:\/\/gambia-bayoolu.de\/<\/cite><\/blockquote>\n\n\n\n<h1><strong>Daher bitten wir Euch wirklich von ganzem Herzen: <\/strong><\/h1>\n\n\n\n<h1><strong>Bitte spendet!  Wirklich jeder EURO hilft!<\/strong><\/h1>\n\n\n\n<p>Wir haben auf betterplace.org eine Spendenaktion ins Leben gerufen, wo wir garantieren k\u00f6nnen, dass jeder EURO auch wirklich in Gambia bei den Kindern ankommt. Vielen Dank daf\u00fcr nochmal an Inga Hanemann von Gambia Bayoolu e.V., die mit Ihrem Verein genau das unterst\u00fctzt.<\/p>\n\n\n\n<p>Bitte spendet einfach unter:<\/p>\n\n\n\n<iframe loading=\"lazy\" frameborder=\"0\" marginheight=\"0\" marginwidth=\"0\" src=\"https:\/\/project-widget.betterplace.org\/fundraising_events\/54077?l=de\" width=\"100%\" height=\"320\" style=\"border: 0; padding:0; margin:0;\">Informieren und spenden: &lt;a href=&#39;https:\/\/www.betterplace.org\/de\/fundraising-events\/54077-six-camels-spendenaktion-schulbildung-fuer-kinder-in-gambia&#39; target=&#39;_blank&#39;&gt;\u201eSix Camels Spendenaktion &#8211; Schulbildung f\u00fcr Kinder in Gambia\u201c&lt;\/a&gt; auf betterplace.org \u00f6ffnen.<\/iframe>\n\n\n\n<p>Lasst uns den Kindern in Gambia zusammen ein gutes Jahr 2026 erm\u00f6glichen!<\/p>\n\n\n\n<p>Vielen vielen Dank !!<\/p>\n\n\n\n<p>Michael &amp; Ole<\/p>\n","protected":false},"excerpt":{"rendered":"<p>Wir haben entschieden !! Dieses Mal sammeln wir Spenden f\u00fcr den Verein Gambia Bayoolu e.V. Der Name \u201eBayoolu\u201c, aus der Sprache Mandinka, bedeutet \u201eWaisenkinder\u201c und dr\u00fcckt das zentrale Ziel aus \u2013 Kindern ohne Eltern eine bessere Perspektive zu erm\u00f6glichen. &#8222;Kurzfristig sichern wir den regelm\u00e4\u00dfigen Schulbesuch, langfristig er\u00f6ffnen wir Ausbildungswege. Aktuell begleiten wir 31 Kinder und &hellip; <\/p>\n<p class=\"link-more\"><a href=\"https:\/\/six-camels.de\/?page_id=1377\" class=\"more-link\"><span class=\"screen-reader-text\">\u201eDer gute Zweck &#8230;\u201c<\/span> weiterlesen<\/a><\/p>\n","protected":false},"author":2,"featured_media":0,"parent":1357,"menu_order":0,"comment_status":"closed","ping_status":"closed","template":"","meta":[],"_links":{"self":[{"href":"https:\/\/six-camels.de\/index.php?rest_route=\/wp\/v2\/pages\/1377"}],"collection":[{"href":"https:\/\/six-camels.de\/index.php?rest_route=\/wp\/v2\/pages"}],"about":[{"href":"https:\/\/six-camels.de\/index.php?rest_route=\/wp\/v2\/types\/page"}],"author":[{"embeddable":true,"href":"https:\/\/six-camels.de\/index.php?rest_route=\/wp\/v2\/users\/2"}],"replies":[{"embeddable":true,"href":"https:\/\/six-camels.de\/index.php?rest_route=%2Fwp%2Fv2%2Fcomments&post=1377"}],"version-history":[{"count":2,"href":"https:\/\/six-camels.de\/index.php?rest_route=\/wp\/v2\/pages\/1377\/revisions"}],"predecessor-version":[{"id":1379,"href":"https:\/\/six-camels.de\/index.php?rest_route=\/wp\/v2\/pages\/1377\/revisions\/1379"}],"up":[{"embeddable":true,"href":"https:\/\/six-camels.de\/index.php?rest_route=\/wp\/v2\/pages\/1357"}],"wp:attachment":[{"href":"https:\/\/six-camels.de\/index.php?rest_route=%2Fwp%2Fv2%2Fmedia&parent=1377"}],"curies":[{"name":"wp","href":"https:\/\/api.w.org\/{rel}","templated":true}]}}