{"id":19,"date":"2017-06-22T06:29:13","date_gmt":"2017-06-22T06:29:13","guid":{"rendered":"http:\/\/aor.ruetten-online.net\/?page_id=19"},"modified":"2018-05-02T06:36:17","modified_gmt":"2018-05-02T06:36:17","slug":"sponsoren","status":"publish","type":"page","link":"https:\/\/six-camels.de\/?page_id=19","title":{"rendered":"Sponsoren"},"content":{"rendered":"<h1><strong>Gold Sponsor<\/strong><\/h1>\n<figure id=\"attachment_382\" aria-describedby=\"caption-attachment-382\" style=\"width: 300px\" class=\"wp-caption alignleft\"><img loading=\"lazy\" class=\"wp-image-382 size-medium\" src=\"http:\/\/six-camels.de\/wp-content\/uploads\/2018\/02\/hlx-300x245.png\" alt=\"\" width=\"300\" height=\"245\" srcset=\"https:\/\/six-camels.de\/wp-content\/uploads\/2018\/02\/hlx-300x245.png 300w, https:\/\/six-camels.de\/wp-content\/uploads\/2018\/02\/hlx.png 400w\" sizes=\"(max-width: 300px) 100vw, 300px\" \/><figcaption id=\"caption-attachment-382\" class=\"wp-caption-text\"><a href=\"https:\/\/www.hlx.com\/de\/\" target=\"_blank\" rel=\"noopener\">hlx.com<\/a><\/figcaption><\/figure>\n<h1>\u00a0<strong>Silber Sponsoren<\/strong><\/h1>\n<p><a href=\"http:\/\/www.jacobs-dach.de\" target=\"_blank\" rel=\"noopener\"><img loading=\"lazy\" class=\"alignnone wp-image-289 size-medium\" src=\"http:\/\/six-camels.de\/wp-content\/uploads\/2018\/01\/jacobs-300x128.png\" alt=\"\" width=\"300\" height=\"128\" srcset=\"https:\/\/six-camels.de\/wp-content\/uploads\/2018\/01\/jacobs-300x128.png 300w, https:\/\/six-camels.de\/wp-content\/uploads\/2018\/01\/jacobs.png 493w\" sizes=\"(max-width: 300px) 100vw, 300px\" \/><\/a><\/p>\n<p>Vielen Dank an die Firma Jacobs f\u00fcr die Unterst\u00fctzung in Form eines gro\u00dfz\u00fcgigen Sponsorings und den drei tollen Dachboxen f\u00fcr unsere W\u00fcstenschiffe!<\/p>\n<p><a href=\"http:\/\/www.jacobs-dach.de\" target=\"_blank\" rel=\"noopener\">www.jacobs-dach.de<\/a><\/p>\n<p>&nbsp;<\/p>\n<p><a href=\"http:\/\/six-camels.de\/wp-content\/uploads\/2018\/02\/RJ_sponsorship_logo_big.jpg\" rel=\"https:\/\/www.rj.com\/\"><img loading=\"lazy\" class=\"wp-image-403 size-medium\" src=\"http:\/\/six-camels.de\/wp-content\/uploads\/2018\/02\/RJ_sponsorship_logo_big-300x181.jpg\" alt=\"\" width=\"300\" height=\"181\" srcset=\"https:\/\/six-camels.de\/wp-content\/uploads\/2018\/02\/RJ_sponsorship_logo_big-300x181.jpg 300w, https:\/\/six-camels.de\/wp-content\/uploads\/2018\/02\/RJ_sponsorship_logo_big-768x463.jpg 768w, https:\/\/six-camels.de\/wp-content\/uploads\/2018\/02\/RJ_sponsorship_logo_big-1024x618.jpg 1024w, https:\/\/six-camels.de\/wp-content\/uploads\/2018\/02\/RJ_sponsorship_logo_big-2000x1200.jpg 2000w\" sizes=\"(max-width: 300px) 100vw, 300px\" \/><\/a><\/p>\n<p>Mit gro\u00dfem Dank an Royal Jordanien f\u00fcr die Fl\u00fcge des gesamten Teams<\/p>\n<p><a href=\"https:\/\/www.rj.com\" target=\"_blank\" rel=\"noopener\">https:\/\/www.rj.com<\/a><\/p>\n<p>&nbsp;<\/p>\n<p><img loading=\"lazy\" class=\"alignnone size-medium wp-image-510\" src=\"http:\/\/six-camels.de\/wp-content\/uploads\/2018\/03\/ogo_schleicher-300x121.jpg\" alt=\"\" width=\"300\" height=\"121\" srcset=\"https:\/\/six-camels.de\/wp-content\/uploads\/2018\/03\/ogo_schleicher-300x121.jpg 300w, https:\/\/six-camels.de\/wp-content\/uploads\/2018\/03\/ogo_schleicher-768x309.jpg 768w, https:\/\/six-camels.de\/wp-content\/uploads\/2018\/03\/ogo_schleicher.jpg 975w\" sizes=\"(max-width: 300px) 100vw, 300px\" \/><\/p>\n<p>Mit dem besten Dank f\u00fcr Ihre gro\u00dfz\u00fcgige Unterst\u00fctzung, heissen wir die Fa. SCHLEICHER- Ausbau als Silbersponsor des six-camels Teams willkommen.<\/p>\n<p>Wir, die SCHLEICHER Ausbau GmbH, haben uns auf den trockenen Innenausbau und Brandschutz spezialisiert. Damit sind wir Ihr kompetenter Partner und Spezialist f\u00fcr Trockenbau, Brandschutz, Dachausbau, Gewerberaum Ausbau, Raum- und Dachisolierung, Schallschutzt\u00fcren, Deckensegen, Objektt\u00fcren und vieles mehr!spezialisiert. Damit sind wir Ihr kompetenter Partner und Spezialist f\u00fcr Trockenbau, Brandschutz, Dachausbau, Gewerberaum Ausbau, Raum- und Dachisolierung, Schallschutzt\u00fcren, Deckensegen, Objektt\u00fcren und vieles mehr!<\/p>\n<p><a href=\"http:\/\/www.schleicher-ausbau.de\" target=\"_blank\" rel=\"noopener\">www.schleicher-ausbau.de<\/a><\/p>\n<h1>\u00a0<a href=\"http:\/\/www.mtsglobe.com\/\"><img loading=\"lazy\" class=\"alignnone size-medium wp-image-519\" src=\"http:\/\/six-camels.de\/wp-content\/uploads\/2018\/04\/MTSglobe-300x101.jpg\" alt=\"\" width=\"300\" height=\"101\" srcset=\"https:\/\/six-camels.de\/wp-content\/uploads\/2018\/04\/MTSglobe-300x101.jpg 300w, https:\/\/six-camels.de\/wp-content\/uploads\/2018\/04\/MTSglobe-768x258.jpg 768w, https:\/\/six-camels.de\/wp-content\/uploads\/2018\/04\/MTSglobe-1024x343.jpg 1024w, https:\/\/six-camels.de\/wp-content\/uploads\/2018\/04\/MTSglobe.jpg 1527w\" sizes=\"(max-width: 300px) 100vw, 300px\" \/><\/a><\/h1>\n<p>Die f\u00fchrende Incoming Agentur MTS GLOBE mit Sitz auf Mallorca ist von der Aktion begeistert und wird ab jetzt als Silbersponsor auf\u00a0 unseren W\u00fcstenschiffen zu sehen sein.<\/p>\n<p>MTS Globe ist die gr\u00f6\u00dfte unabh\u00e4ngige, eigent\u00fcmergef\u00fchrte Incoming Company in Europa. Ihr Netzwerk umfasst 65 Zielgebietsagenturen in 17 L\u00e4ndern in und um das Mittelmeer, das Schwarze Meer, den Persischen Golf, den Atlantik und die Mexikanische Karibikk\u00fcste.<\/p>\n<p><a href=\"http:\/\/www.mtsglobe.com\/\" target=\"_blank\" rel=\"noopener\">www.mtsglobe.com\/<\/a><\/p>\n<h1>\u00a0<strong>Bronze Sponsoren<\/strong><\/h1>\n<p><a href=\"http:\/\/six-camels.de\/wp-content\/uploads\/2018\/02\/Peakwork-Logo-Claim-Standard2017-01-31-RGB_1024.jpg\"><img loading=\"lazy\" class=\"alignleft size-medium wp-image-401\" src=\"http:\/\/six-camels.de\/wp-content\/uploads\/2018\/02\/Peakwork-Logo-Claim-Standard2017-01-31-RGB_1024-300x78.jpg\" alt=\"\" width=\"300\" height=\"78\" \/><\/a><\/p>\n<p>&nbsp;<\/p>\n<h1><a href=\"http:\/\/six-camels.de\/wp-content\/uploads\/2018\/02\/DE_Subline_Colour_1024.jpg\"><img loading=\"lazy\" class=\"alignleft size-medium wp-image-402\" src=\"http:\/\/six-camels.de\/wp-content\/uploads\/2018\/02\/DE_Subline_Colour_1024-300x77.jpg\" alt=\"\" width=\"300\" height=\"77\" srcset=\"https:\/\/six-camels.de\/wp-content\/uploads\/2018\/02\/DE_Subline_Colour_1024-300x77.jpg 300w, https:\/\/six-camels.de\/wp-content\/uploads\/2018\/02\/DE_Subline_Colour_1024-768x197.jpg 768w, https:\/\/six-camels.de\/wp-content\/uploads\/2018\/02\/DE_Subline_Colour_1024.jpg 1024w\" sizes=\"(max-width: 300px) 100vw, 300px\" \/><\/a><\/h1>\n<h1><\/h1>\n<h1><strong>Sponsoren<\/strong><\/h1>\n<p>&nbsp;<\/p>\n<figure id=\"attachment_155\" aria-describedby=\"caption-attachment-155\" style=\"width: 300px\" class=\"wp-caption alignnone\"><a href=\"http:\/\/www.freshcells.de\"><img loading=\"lazy\" class=\"wp-image-155 size-medium\" src=\"http:\/\/six-camels.de\/wp-content\/uploads\/2017\/06\/freshcells-300x42.png\" alt=\"\" width=\"300\" height=\"42\" srcset=\"https:\/\/six-camels.de\/wp-content\/uploads\/2017\/06\/freshcells-300x42.png 300w, https:\/\/six-camels.de\/wp-content\/uploads\/2017\/06\/freshcells.png 450w\" sizes=\"(max-width: 300px) 100vw, 300px\" \/><\/a><figcaption id=\"caption-attachment-155\" class=\"wp-caption-text\">Vielen Dank an unsere Freunde von Freshcells f\u00fcr unser sensationelles Logo \ud83d\ude42<\/figcaption><\/figure>\n<p>&nbsp;<\/p>\n<figure id=\"attachment_411\" aria-describedby=\"caption-attachment-411\" style=\"width: 300px\" class=\"wp-caption alignleft\"><a href=\"http:\/\/six-camels.de\/wp-content\/uploads\/2018\/02\/pechtheyden.png\"><img loading=\"lazy\" class=\"wp-image-411 size-medium\" src=\"http:\/\/six-camels.de\/wp-content\/uploads\/2018\/02\/pechtheyden-300x46.png\" alt=\"\" width=\"300\" height=\"46\" srcset=\"https:\/\/six-camels.de\/wp-content\/uploads\/2018\/02\/pechtheyden-300x46.png 300w, https:\/\/six-camels.de\/wp-content\/uploads\/2018\/02\/pechtheyden.png 357w\" sizes=\"(max-width: 300px) 100vw, 300px\" \/><\/a><figcaption id=\"caption-attachment-411\" class=\"wp-caption-text\">Danke f\u00fcr den Lack mit dem wir unsere W\u00fcstenschiffe in leuchtende Orangen verwandeln konnten!<\/figcaption><\/figure>\n<p>&nbsp;<\/p>\n<p>&nbsp;<\/p>\n<p>&nbsp;<\/p>\n<p>&nbsp;<\/p>\n<p><img loading=\"lazy\" class=\"alignnone size-full wp-image-512\" src=\"http:\/\/six-camels.de\/wp-content\/uploads\/2018\/03\/bft-planung-logo_2832021162385209455.png\" alt=\"\" width=\"240\" height=\"88\" \/><\/p>\n<p>&nbsp;<\/p>\n<p><img loading=\"lazy\" class=\"alignnone size-full wp-image-513\" src=\"http:\/\/six-camels.de\/wp-content\/uploads\/2018\/03\/viscon.png\" alt=\"\" width=\"228\" height=\"88\" \/><\/p>\n<p>&nbsp;<\/p>\n<p><img loading=\"lazy\" class=\"alignnone size-medium wp-image-542\" src=\"http:\/\/six-camels.de\/wp-content\/uploads\/2018\/04\/Funken01-300x136.jpg\" alt=\"\" width=\"300\" height=\"136\" srcset=\"https:\/\/six-camels.de\/wp-content\/uploads\/2018\/04\/Funken01-300x136.jpg 300w, https:\/\/six-camels.de\/wp-content\/uploads\/2018\/04\/Funken01.jpg 398w\" sizes=\"(max-width: 300px) 100vw, 300px\" \/><\/p>\n<p>&nbsp;<\/p>\n<p><img loading=\"lazy\" class=\"alignnone size-full wp-image-541\" src=\"http:\/\/six-camels.de\/wp-content\/uploads\/2018\/04\/sistermann.jpg\" alt=\"\" width=\"245\" height=\"110\" \/><\/p>\n<p>&nbsp;<\/p>\n<p>Hermann Josef R\u00fctten &#8211; Bauunternehmen<\/p>\n<h2><strong>Spenden<\/strong><\/h2>\n<p>Vielen Dank f\u00fcr die Unterst\u00fctzung an unsere Spender:<\/p>\n<ul>\n<li>Markus Barth<\/li>\n<li>Kirsten Nelke<\/li>\n<li>Tatjana Mohr<\/li>\n<li>Rudolf Lohr<\/li>\n<li>Marion Urfels<\/li>\n<li>Hilde und Karl-Willi Aretz<\/li>\n<li>Andreas und Maike Kamphausen<\/li>\n<li>Anja Rheinfelder und Thorsten Dix<\/li>\n<\/ul>\n","protected":false},"excerpt":{"rendered":"<p>Gold Sponsor \u00a0Silber Sponsoren Vielen Dank an die Firma Jacobs f\u00fcr die Unterst\u00fctzung in Form eines gro\u00dfz\u00fcgigen Sponsorings und den drei tollen Dachboxen f\u00fcr unsere W\u00fcstenschiffe! www.jacobs-dach.de &nbsp; Mit gro\u00dfem Dank an Royal Jordanien f\u00fcr die Fl\u00fcge des gesamten Teams https:\/\/www.rj.com &nbsp; Mit dem besten Dank f\u00fcr Ihre gro\u00dfz\u00fcgige Unterst\u00fctzung, heissen wir die Fa. SCHLEICHER- &hellip; <\/p>\n<p class=\"link-more\"><a href=\"https:\/\/six-camels.de\/?page_id=19\" class=\"more-link\"><span class=\"screen-reader-text\">\u201eSponsoren\u201c<\/span> weiterlesen<\/a><\/p>\n","protected":false},"author":5,"featured_media":0,"parent":0,"menu_order":0,"comment_status":"closed","ping_status":"closed","template":"","meta":[],"_links":{"self":[{"href":"https:\/\/six-camels.de\/index.php?rest_route=\/wp\/v2\/pages\/19"}],"collection":[{"href":"https:\/\/six-camels.de\/index.php?rest_route=\/wp\/v2\/pages"}],"about":[{"href":"https:\/\/six-camels.de\/index.php?rest_route=\/wp\/v2\/types\/page"}],"author":[{"embeddable":true,"href":"https:\/\/six-camels.de\/index.php?rest_route=\/wp\/v2\/users\/5"}],"replies":[{"embeddable":true,"href":"https:\/\/six-camels.de\/index.php?rest_route=%2Fwp%2Fv2%2Fcomments&post=19"}],"version-history":[{"count":38,"href":"https:\/\/six-camels.de\/index.php?rest_route=\/wp\/v2\/pages\/19\/revisions"}],"predecessor-version":[{"id":571,"href":"https:\/\/six-camels.de\/index.php?rest_route=\/wp\/v2\/pages\/19\/revisions\/571"}],"wp:attachment":[{"href":"https:\/\/six-camels.de\/index.php?rest_route=%2Fwp%2Fv2%2Fmedia&parent=19"}],"curies":[{"name":"wp","href":"https:\/\/api.w.org\/{rel}","templated":true}]}}