{"id":191,"date":"2017-09-21T18:12:27","date_gmt":"2017-09-21T18:12:27","guid":{"rendered":"http:\/\/six-camels.de\/?page_id=191"},"modified":"2018-02-13T13:12:30","modified_gmt":"2018-02-13T13:12:30","slug":"otto-unser-erster","status":"publish","type":"page","link":"https:\/\/six-camels.de\/?page_id=191","title":{"rendered":"Otto &#8211; Unser Erster"},"content":{"rendered":"<h2>Mercedes 230 TE<\/h2>\n<p>Modellreihe: W124<br \/>\nBaujahr:\u00a0im Wonnemonat Mai im Jahr der Felge 1991<br \/>\nKraftstoff: Benzin<br \/>\nLeistung: \u00a0131PS<br \/>\nKM: 410.000<\/p>\n<p>Lackiert von <strong><span style=\"color: #808080;\">Grau<\/span> <\/strong>auf <strong><span style=\"color: #ff6600;\">Orange<\/span> &#8211; <span style=\"color: #3366ff;\">Blau<\/span><\/strong><\/p>\n<h3>Ottos Geschichte:<\/h3>\n<p>Otto kommt aus dem wundersch\u00f6nen Xanten und wurde von seinen Besitzern sehr gut gepflegt. Er schnurrt wie ein K\u00e4tzchen und zeigt keine erkennbaren M\u00e4ngel auf. Wir sind uns sicher, dass er ein treuer Begleiter werden wird.<\/p>\n<p><a href=\"http:\/\/six-camels.de\/wp-content\/uploads\/2017\/09\/20170921_113333.jpg\"><img loading=\"lazy\" class=\"alignleft size-medium wp-image-199\" src=\"http:\/\/six-camels.de\/wp-content\/uploads\/2017\/09\/20170921_113333-300x225.jpg\" alt=\"\" width=\"300\" height=\"225\" srcset=\"https:\/\/six-camels.de\/wp-content\/uploads\/2017\/09\/20170921_113333-300x225.jpg 300w, https:\/\/six-camels.de\/wp-content\/uploads\/2017\/09\/20170921_113333-768x576.jpg 768w, https:\/\/six-camels.de\/wp-content\/uploads\/2017\/09\/20170921_113333-1024x768.jpg 1024w\" sizes=\"(max-width: 300px) 100vw, 300px\" \/><\/a><\/p>\n<p><a href=\"http:\/\/six-camels.de\/wp-content\/uploads\/2017\/09\/IMG-20170919-WA0013.jpg\"><img loading=\"lazy\" class=\"alignleft size-medium wp-image-170\" src=\"http:\/\/six-camels.de\/wp-content\/uploads\/2017\/09\/IMG-20170919-WA0013-300x169.jpg\" alt=\"\" width=\"300\" height=\"169\" srcset=\"https:\/\/six-camels.de\/wp-content\/uploads\/2017\/09\/IMG-20170919-WA0013-300x169.jpg 300w, https:\/\/six-camels.de\/wp-content\/uploads\/2017\/09\/IMG-20170919-WA0013-768x432.jpg 768w, https:\/\/six-camels.de\/wp-content\/uploads\/2017\/09\/IMG-20170919-WA0013-1024x576.jpg 1024w, https:\/\/six-camels.de\/wp-content\/uploads\/2017\/09\/IMG-20170919-WA0013.jpg 1280w\" sizes=\"(max-width: 300px) 100vw, 300px\" \/><\/a><a href=\"http:\/\/six-camels.de\/wp-content\/uploads\/2017\/09\/20170920_184456.jpg\"><img loading=\"lazy\" class=\"alignleft wp-image-173 size-medium\" src=\"http:\/\/six-camels.de\/wp-content\/uploads\/2017\/09\/20170920_184456-300x225.jpg\" alt=\"\" width=\"300\" height=\"225\" srcset=\"https:\/\/six-camels.de\/wp-content\/uploads\/2017\/09\/20170920_184456-300x225.jpg 300w, https:\/\/six-camels.de\/wp-content\/uploads\/2017\/09\/20170920_184456-768x576.jpg 768w, https:\/\/six-camels.de\/wp-content\/uploads\/2017\/09\/20170920_184456-1024x768.jpg 1024w\" sizes=\"(max-width: 300px) 100vw, 300px\" \/><\/a><a href=\"http:\/\/six-camels.de\/wp-content\/uploads\/2018\/02\/20180207_124846.jpg\"><img loading=\"lazy\" class=\"alignleft wp-image-365 size-medium\" src=\"http:\/\/six-camels.de\/wp-content\/uploads\/2018\/02\/20180207_124846-300x225.jpg\" alt=\"\" width=\"300\" height=\"225\" srcset=\"https:\/\/six-camels.de\/wp-content\/uploads\/2018\/02\/20180207_124846-300x225.jpg 300w, https:\/\/six-camels.de\/wp-content\/uploads\/2018\/02\/20180207_124846-768x576.jpg 768w, https:\/\/six-camels.de\/wp-content\/uploads\/2018\/02\/20180207_124846-1024x768.jpg 1024w\" sizes=\"(max-width: 300px) 100vw, 300px\" \/><\/a><\/p>\n","protected":false},"excerpt":{"rendered":"<p>Mercedes 230 TE Modellreihe: W124 Baujahr:\u00a0im Wonnemonat Mai im Jahr der Felge 1991 Kraftstoff: Benzin Leistung: \u00a0131PS KM: 410.000 Lackiert von Grau auf Orange &#8211; Blau Ottos Geschichte: Otto kommt aus dem wundersch\u00f6nen Xanten und wurde von seinen Besitzern sehr gut gepflegt. Er schnurrt wie ein K\u00e4tzchen und zeigt keine erkennbaren M\u00e4ngel auf. Wir sind &hellip; <\/p>\n<p class=\"link-more\"><a href=\"https:\/\/six-camels.de\/?page_id=191\" class=\"more-link\"><span class=\"screen-reader-text\">\u201eOtto &#8211; Unser Erster\u201c<\/span> weiterlesen<\/a><\/p>\n","protected":false},"author":5,"featured_media":199,"parent":18,"menu_order":0,"comment_status":"closed","ping_status":"closed","template":"","meta":[],"_links":{"self":[{"href":"https:\/\/six-camels.de\/index.php?rest_route=\/wp\/v2\/pages\/191"}],"collection":[{"href":"https:\/\/six-camels.de\/index.php?rest_route=\/wp\/v2\/pages"}],"about":[{"href":"https:\/\/six-camels.de\/index.php?rest_route=\/wp\/v2\/types\/page"}],"author":[{"embeddable":true,"href":"https:\/\/six-camels.de\/index.php?rest_route=\/wp\/v2\/users\/5"}],"replies":[{"embeddable":true,"href":"https:\/\/six-camels.de\/index.php?rest_route=%2Fwp%2Fv2%2Fcomments&post=191"}],"version-history":[{"count":13,"href":"https:\/\/six-camels.de\/index.php?rest_route=\/wp\/v2\/pages\/191\/revisions"}],"predecessor-version":[{"id":498,"href":"https:\/\/six-camels.de\/index.php?rest_route=\/wp\/v2\/pages\/191\/revisions\/498"}],"up":[{"embeddable":true,"href":"https:\/\/six-camels.de\/index.php?rest_route=\/wp\/v2\/pages\/18"}],"wp:featuredmedia":[{"embeddable":true,"href":"https:\/\/six-camels.de\/index.php?rest_route=\/wp\/v2\/media\/199"}],"wp:attachment":[{"href":"https:\/\/six-camels.de\/index.php?rest_route=%2Fwp%2Fv2%2Fmedia&parent=191"}],"curies":[{"name":"wp","href":"https:\/\/api.w.org\/{rel}","templated":true}]}}