{"id":51,"date":"2017-07-06T21:29:27","date_gmt":"2017-07-06T21:29:27","guid":{"rendered":"http:\/\/aor.ruetten-online.net\/?page_id=51"},"modified":"2018-04-14T15:48:50","modified_gmt":"2018-04-14T15:48:50","slug":"der-gute-zweck","status":"publish","type":"page","link":"https:\/\/six-camels.de\/?page_id=51","title":{"rendered":"Der Gute Zweck"},"content":{"rendered":"<p>Bei der Europa-Orient Rally handelt es sich in erster Linie um eine Rallye f\u00fcr den guten Zweck und zugegeben, auch um ne Menge Spass.<\/p>\n<p>Die Autos aller Teams bleiben am Ende der Rally in Jordanien. Dort werden Sie als Ersatzteile verwertet und der Erl\u00f6s geht in eine gemeinn\u00fctzige jordanische Organisation \u00fcber.<\/p>\n<p>Neben dem Erl\u00f6s, der \u00fcber den Ersatzteilverkauf f\u00fcr gute Zwecke entsteht werden wir auf dem Weg dorthin einem kleinen, fast vergessenen Kinderheim in Rum\u00e4nien ein wenig Unterst\u00fctzung zukommen lassen.<\/p>\n<h2 style=\"text-align: center;\"><em>Helfen um zu Helfen\u00a0 &#8211; Kinderheim Alba Iulia in Rum\u00e4nien<\/em><\/h2>\n<p style=\"text-align: center;\"><strong>Dazu brauchen wir EUCH!<\/strong><\/p>\n<p><a href=\"http:\/\/www.kinderheim-alba-iulia.de\/\">http:\/\/www.kinderheim-alba-iulia.de\/<\/a><\/p>\n<p>Das rum\u00e4nische Kinderheim wird ausschlie\u00dflich durch Spenden finanziert und getragen. Die ca. 30 Kinder sind voll und ganz auf die Unterst\u00fctzung von Sachspenden und Spendengeldern angewiesen. Es ist es ein kleines Kinderheim, abseits von Metropolen, weitgehend unbekannt und wird daher von den bekannten Spendenorganisationen nicht ber\u00fccksichtigt.<\/p>\n<p>Aufgrund r\u00fcckl\u00e4ufigen Spendenaufkommens und steigenden Kosten f\u00fcr\u00a0\u00a0Strom, Heizung und Wasser sowie den laufenden Kindergarten- und Schulgeldern musste das Team sogar 2016 in einen kleineren Altbau umziehen und die unterst\u00fctzten Kinder von fr\u00fcher 60 auf 30 reduzieren<\/p>\n<p>Nach R\u00fccksprache mit Frau H\u00fcttemann, die die Einrichtung vor \u00fcber 20 Jahren gegr\u00fcndet hat, werden folgende Dinge dringendst ben\u00f6tigt:<\/p>\n<p><strong>F\u00fcr den t\u00e4glichen Bedarf<\/strong><\/p>\n<ul>\n<li>saubere Kinder- und Erwachsenenkleidung<\/li>\n<li>vor allem aber gebrauchte Schuhe, Bettw\u00e4sche und Handt\u00fccher<\/li>\n<li>vor allem auch Hygieneartikel jeder Art (Waschpulver, Duschgel, Zahnpasta,\u00a0 Binden, Verbandsmaterial, Pflegecreme etc).<\/li>\n<li>haltbare Grundnahrungsmittel<\/li>\n<\/ul>\n<p><strong>F\u00fcr den Schulbesuch<\/strong><\/p>\n<ul>\n<li>Bastelartikel (Stifte, Bl\u00f6cke, Scheren, \u2026)<\/li>\n<li>Schulmaterial (Hefte, F\u00fcller, Kugelschreiber, Bleistifte, Taschenrechner)<\/li>\n<\/ul>\n<p><strong>Zur Freizeitgestaltung<\/strong><\/p>\n<ul>\n<li>Spielzeuge aller Art (Stofftiere, Gesellschaftsspiele, \u2026)<\/li>\n<\/ul>\n<p>Wortw\u00f6rtlich ist die Aussage: <strong>\u201eAlles was Sie uns mitbringen hilft!\u201c<\/strong><\/p>\n<p>Wir denken besser kann man es nicht beschreiben.<\/p>\n<p>Also, bitte bitte meldet Euch ! Lasst uns den Kindern eine RIESEN Freude machen. Wir holen alle Sachen bei Euch ab, bitte einfach kurze Mail an info@six-camels.de<\/p>\n<p><strong>Geldspenden<\/strong><\/p>\n<p>Nat\u00fcrlich sammeln wir auch Geldspenden. Wir sammeln alle Spenden auf folgendem Spendenkonto:<\/p>\n<p>Jan-Henning Rodde, \u00a0<strong>IBAN DE26 5001 0517 5590 0290 23<\/strong><br \/>\n<span style=\"font-size: 1rem;\">oder an\u00a0 \u00a0<strong>PayPal.Me-Link: PayPal.Me\/Rodde660<\/strong><\/span><\/p>\n<p>Vielen Dank f\u00fcr eure Unterst\u00fctzung<\/p>\n<p>Eure six-camels<\/p>\n","protected":false},"excerpt":{"rendered":"<p>Bei der Europa-Orient Rally handelt es sich in erster Linie um eine Rallye f\u00fcr den guten Zweck und zugegeben, auch um ne Menge Spass. Die Autos aller Teams bleiben am Ende der Rally in Jordanien. Dort werden Sie als Ersatzteile verwertet und der Erl\u00f6s geht in eine gemeinn\u00fctzige jordanische Organisation \u00fcber. Neben dem Erl\u00f6s, der &hellip; <\/p>\n<p class=\"link-more\"><a href=\"https:\/\/six-camels.de\/?page_id=51\" class=\"more-link\"><span class=\"screen-reader-text\">\u201eDer Gute Zweck\u201c<\/span> weiterlesen<\/a><\/p>\n","protected":false},"author":5,"featured_media":0,"parent":0,"menu_order":0,"comment_status":"closed","ping_status":"closed","template":"","meta":[],"_links":{"self":[{"href":"https:\/\/six-camels.de\/index.php?rest_route=\/wp\/v2\/pages\/51"}],"collection":[{"href":"https:\/\/six-camels.de\/index.php?rest_route=\/wp\/v2\/pages"}],"about":[{"href":"https:\/\/six-camels.de\/index.php?rest_route=\/wp\/v2\/types\/page"}],"author":[{"embeddable":true,"href":"https:\/\/six-camels.de\/index.php?rest_route=\/wp\/v2\/users\/5"}],"replies":[{"embeddable":true,"href":"https:\/\/six-camels.de\/index.php?rest_route=%2Fwp%2Fv2%2Fcomments&post=51"}],"version-history":[{"count":16,"href":"https:\/\/six-camels.de\/index.php?rest_route=\/wp\/v2\/pages\/51\/revisions"}],"predecessor-version":[{"id":539,"href":"https:\/\/six-camels.de\/index.php?rest_route=\/wp\/v2\/pages\/51\/revisions\/539"}],"wp:attachment":[{"href":"https:\/\/six-camels.de\/index.php?rest_route=%2Fwp%2Fv2%2Fmedia&parent=51"}],"curies":[{"name":"wp","href":"https:\/\/api.w.org\/{rel}","templated":true}]}}